 4*p - 72, -a + 5*p + h = 1. What is the units digit of a?
8
Let o(i) = i - 2. Let d be o(5). Suppose -5*t - 25 = 2*y, 2*y + d*t + 15 = 3*y. Suppose -2*f - 2*v + 5 + 3 = y, -3*f + v = -16. What is the units digit of f?
5
Let s(n) = 2*n**2 - 26*n + 71. What is the tens digit of s(14)?
9
Suppose g = 3*l - 12, 5*g + l = 4*l. Let j(a) = -a + 5. Let m be j(g). Suppose 0 = r - m. What is the units digit of r?
2
Let j(g) = -7*g - 4. What is the tens digit of j(-2)?
1
Suppose -4*d - 80 = -9*d. Suppose 0 = -4*z + d, -b + 4*b + 5*z - 5 = 0. Let j(a) = -a + 7. What is the tens digit of j(b)?
1
What is the units digit of ((-3)/4)/((-4)/240)?
5
Let j(u) = -u**3 - 3*u**2 - 3*u - 2. Let h be j(-2). Suppose h = 3*l - 0*l. What is the units digit of l + (1 - 0) + 9?
0
Let n = 111 + -34. Let u = -53 + n. Suppose 0*h + u = 3*h. What is the units digit of h?
8
Let m = 6 + -3. Suppose -4*o + m = -9. Suppose o*w + 3 = 2*w - 2*a, 3*w - 5*a = 35. What is the units digit of w?
5
Let q(b) = 0 - 73*b + 74*b + 6 - 1. Suppose c = -4*c + 30. What is the tens digit of q(c)?
1
Let f(b) = b**2 - 1. Let w be -2 + (-2 - 0 - -2). Let p be f(w). Suppose -36 = -p*x + 3. What is the units digit of x?
3
Let a(g) = g**3 - 5*g**2 - 2*g. Let f be a(5). Let t be (0 + 2/(-2))*-18. Let w = t + f. What is the units digit of w?
8
Suppose 0 = -3*d + 15, -d - 3*d = -3*y - 11. Let w(j) = 5*j + 3. Let p be w(y). Let b = 29 - p. What is the tens digit of b?
1
Suppose 5*a + 9 = -16, -2*a = -4*u + 54. Suppose -2*q = -q - u. What is the units digit of q?
1
Let z = -29 - -67. What is the units digit of z?
8
Let k = -7 + 2. Let t = 26 + k. What is the units digit of t?
1
Suppose -5*q + 2*p + 35 = 0, 3*q - 3*p - 30 = -0*p. What is the units digit of ((-18)/q)/(6/(-20))?
2
Let y be 55/(-5) - (0 + -2). What is the units digit of ((-46)/6)/(3/y)?
3
Let q = 18 + -10. Suppose q = 3*m - m. Suppose 5*t = t + m. What is the units digit of t?
1
Let a(q) = -q**2 + 4*q + 1. Suppose 0 = -2*l + l + 6. Suppose 4*i - 4 = -c, -3*i + 4*c = l*c + 2. What is the units digit of a(i)?
5
Let m = -10 + 19. What is the units digit of m*((-14)/(-3) - 0)?
2
Suppose 3*n - 113 - 193 = 0. What is the units digit of n?
2
Suppose 4*u - 288 = -4*o, 0 = u - 0 + 5. What is the units digit of o?
7
Let t(d) = 3*d**3 - 11*d**2 + 6*d + 18. Let z(g) = 2*g**3 - 11*g**2 + 5*g + 17. Let k(m) = 3*t(m) - 4*z(m). What is the units digit of k(-11)?
8
Suppose 351 = h + 2*h. What is the units digit of h?
7
Suppose -7*f + 3*f = 0. Let y = 3 + f. What is the units digit of y?
3
Suppose 2*p - 1 = -l, -5*l + 5*p - 3*p = -53. What is the units digit of l?
9
Let k(w) = -4 - 12*w + 3 + 0. What is the units digit of k(-1)?
1
Suppose 5*f = 1133 - 103. What is the hundreds digit of f?
2
Suppose 175 = 5*l - 5*m, -l = m - 3*m - 36. Let v be l/12 - (-3)/18. Suppose -5*i + 2*i = 3*h - 30, 4*h + 37 = v*i. What is the tens digit of i?
1
Suppose c = 3*h + 26, 4*c - 30 = -h + 35. What is the units digit of c?
7
Let y(d) = -d**3 - 4*d**2 - 6*d + 2. What is the units digit of y(-3)?
1
Let z = 17 - 3. Let b(l) = l**3 - 14*l**2 + 18. What is the tens digit of b(z)?
1
Suppose -q = -219 - 16. What is the tens digit of q?
3
Let d = -7 - -7. Suppose 0*i - 2*i = y, -3*y + 5*i + 44 = d. What is the units digit of y?
8
Let p = -15 + 55. What is the units digit of p?
0
Suppose o - 4*v = 106, -3*o - 2*o + 3*v = -462. What is the units digit of o?
0
Let a(y) be the third derivative of y**4/4 + 7*y**3/6 + 5*y**2. What is the units digit of a(3)?
5
Let w be (8/(-3))/((-3)/(-9)). What is the tens digit of 1/w + 2248/64?
3
Let h = 108 - -90. What is the units digit of (h/27)/((-4)/(-6))?
1
Suppose -2*q + 4 = -4*m, 5*q - 5*m + 2 = -3. Let w be ((-10)/3)/(q/42). Let g = -22 + w. What is the units digit of g?
3
Let h = 19 + 14. Suppose 4*s - 79 = h. What is the units digit of s?
8
Let o = -3 + 25. Suppose -k - l + 5 = 0, 2*l + 3*l = -2*k + o. What is the units digit of k?
1
Let w(g) = g + 6. Suppose -11 = 3*k + 4. What is the units digit of w(k)?
1
Suppose -5*p - 4 = -14. Suppose 0*w + p*w = 80. What is the tens digit of w?
4
Suppose -4*u = -u. Suppose -4*r + 2*r + 74 = u. What is the tens digit of r?
3
Suppose -u + 6*u + 925 = 0. What is the units digit of 4/(-10) - u/25?
7
Let f = -6 + 16. Suppose -b = b - f. Suppose 0 = 3*w - b - 16. What is the units digit of w?
7
Let x(d) = -2*d**2 - 42*d - 7. What is the units digit of x(-19)?
9
Suppose 2*f = 4*w - 114, -w + 5*w - f - 115 = 0. What is the tens digit of w?
2
Let u = 6 + -4. Suppose 2*x - 4*x - 7 = 5*b, 2*x + u*b = 2. Suppose l = x*r - 11, -2*l = r + 2*r - 33. What is the units digit of l?
9
Suppose 2*s - 3*s - 3*v - 6 = 0, 2*s = -v - 12. Let q = 9 + s. What is the tens digit of (q/2)/((-6)/(-40))?
1
Suppose 514 = 11*o - 542. What is the tens digit of o?
9
Let q(p) be the second derivative of 7*p**3/3 + p**2/2 - 2*p. Let x be q(1). Suppose 2*i + i - x = 0. What is the units digit of i?
5
Let d = 42 - -114. What is the hundreds digit of d?
1
Let z be (-1 - -9)*(12 - -4). Let h = z - 81. What is the tens digit of h?
4
Suppose 5*m + 32 = 1252. What is the hundreds digit of m?
2
Let a be (6/(-9))/((-3)/90). Suppose 3*v + 2*p = -2*v + 50, -2*v - 3*p + a = 0. What is the tens digit of v?
1
Suppose -5*d = -4*x - 29, 4*x = 4*d + x - 23. Suppose 0 = -4*p - 8, -5*h - 3*p = -d*p - 99. What is the units digit of h?
9
Suppose s = 9 + 21. Suppose c + 3*c + 95 = 3*i, i - 3*c = s. Suppose -i + 1 = -4*h. What is the units digit of h?
8
Suppose 0 = -t - 4*u + 96, t + 6*u - 7*u = 101. What is the hundreds digit of t?
1
Let g = -6 - -10. Suppose 4*b + 3*k = 44, g*b + 2*k + 0*k = 40. What is the units digit of b?
8
Let a = -11 + 8. Let f(s) = -2*s**3 - 3*s**2 + 5*s + 3. What is the tens digit of f(a)?
1
Let n(s) = s + 19. Suppose -t = 4*m + 31, -4*m - 25 = 3*t + 4. What is the units digit of n(m)?
1
Let n be (1 + 2)*(-4)/(-12). Let b = 12 - n. What is the tens digit of b?
1
Suppose 2*h + 2 = 6. Suppose 25 = 3*j + h*j. Suppose 0 = -2*t + 2*y + 10, j*y + 9 = -1. What is the units digit of t?
3
Let f be (-81)/12*(-16)/6. Let o = -9 + f. What is the units digit of o?
9
Suppose 0*p - 2*p = -94. What is the units digit of p?
7
Suppose 13*u - 200 = 8*u. What is the tens digit of u?
4
Suppose 2*a = 5*a - 6. Let i be (-1)/((-3)/36) - a. Suppose 0 = 3*r - 29 - i. What is the units digit of r?
3
Let f(v) = 13*v**2 - 5*v. What is the units digit of f(-3)?
2
Let h = 59 - -41. Let z = h + -67. What is the units digit of z?
3
Let r(k) = -2*k + 2. Let z be r(0). Let o(l) = 6*l + 3. What is the tens digit of o(z)?
1
Let y(z) = 2*z**2 - 4*z + 5. Suppose 5*h - 2*h = g - 11, g + 5*h = -5. Let d be y(g). Suppose 0 = -2*f, f = 5*q - f - d. What is the units digit of q?
7
Let g be 2/6*(-72)/(-4). Let d = g + -11. Let m = d + 8. What is the units digit of m?
3
What is the units digit of (-10 - 0)*(-6)/10?
6
Let p be (-8)/14*7/(-2). Suppose 3*a - 5*b = 107, 4*a - 90 = -p*b + 96. Let w = a - 28. What is the tens digit of w?
1
Suppose -2*z = -6*z + 16. Suppose 2*f + 40 = 6*f - z*g, -44 = -2*f - 4*g. What is the tens digit of f?
1
Let s be -2 - (5 + (2 - 2)). Let d = s - -24. What is the units digit of d?
7
What is the tens digit of (-4)/(-10)*620/8?
3
Let t(s) = -15*s + 5. What is the tens digit of t(-2)?
3
Suppose -2*c + 53 = y, 0*y - 58 = -y - 3*c. What is the tens digit of y?
4
Let j be 3/(-2)*(-16)/3. Suppose j = 2*k - k. What is the units digit of k?
8
What is the tens digit of (-4)/(-8)*78 - 1?
3
Suppose 16 = 4*x + 108. Let y = x + 38. What is the units digit of y?
5
Let x be 6/(3 - (-9)/(-6)). What is the units digit of ((-2)/x)/((-2)/28)?
7
Let b(o) be the third derivative of o**5/60 + o**4/12 - 5*o**3/6 + 2*o**2. Let h be b(-5). Suppose -k + h - 3 = 0. What is the units digit of k?
7
Let y be ((-6)/4)/(3/(-4)). Suppose -2*o - 105 = -5*o. Suppose o = y*t + 11. What is the units digit of t?
2
Let l be (6/(-4))/((-3)/20). Suppose -3*z + l = -z. Suppose 30 = z*v + 3*j, v + 4*j - 6 = -0*v. What is the units digit of v?
6
Let v = 13 + -7. Let s(z) be the second derivative of z**3/3 - 5*z**2/2 + z. What is the units digit of s(v)?
7
Let q = -220 - -372. Suppose -2*t + q = 4*n - 0*t, 4 = t. Suppose 0 = 4*o - n. What is the units digit of o?
9
Suppose 2*s + 3*s - 29 = -c, 32